- 585 = -5*n. Let j = n - 43. Let p(x) = 32*x**2 - 4*x. Let v be p(j). What is the greatest common divisor of 48 and v?
48
Suppose -13*t = -7*t - 3600. Suppose -6*p + 36 + t = 0. Suppose p = 4*y + 14. Calculate the greatest common factor of 253 and y.
23
Let g = -9304 - -9316. Calculate the highest common divisor of 1398 and g.
6
Let c(t) be the third derivative of t**4/6 + 4*t**3/3 + 26*t**2. Let n be c(-1). Suppose 0 = n*l - 49 - 127. Calculate the highest common factor of l and 66.
22
Let u be ((-166)/249)/((-2)/9). Suppose -29 = -u*a - 23. Suppose 0 = -3*y - 3*w + 36, 0 = -0*y - 2*y - 4*w + 20. What is the greatest common divisor of y and a?
2
Let a = 174 + -196. Let c be 28/308 + (-702)/a. Calculate the greatest common divisor of c and 608.
32
Suppose 2*w - 58322 - 46110 = -6*w. What is the greatest common factor of w and 122?
122
Let x be -4*(12/4 + -8). Let d be 7*8 - (x + -16). Suppose -i = 3*i - 52. What is the greatest common divisor of d and i?
13
Let q be 16/(-4) - (0 - 232). Suppose -q - 36 = -8*a. What is the greatest common divisor of 231 and a?
33
Let y be 72 + ((-336)/(-6))/(-4). Calculate the greatest common factor of 3741 and y.
29
Let c(b) be the third derivative of -21*b**4/8 - 166*b**3/3 - 152*b**2. Let t be c(-6). Calculate the greatest common factor of 115 and t.
23
Let d(j) = -j**2 - 4*j - 6. Let q be d(-7). Let c = -27 - q. Let n be (-246)/(-2) - (c - -1)*-3. What is the greatest common divisor of 14 and n?
14
Let x(t) = 90*t**2 + 342*t + 12. Let n be x(-4). Calculate the greatest common divisor of 4326 and n.
42
Suppose -3*j = l - 759, 5*j = -104*l + 105*l + 1257. Calculate the greatest common divisor of j and 1890.
126
Suppose -5*t = -w + 32, t + 16 = -w + 60. Let l = -84 + 105. Let i be (l/(-4))/(3/(-32)). Calculate the greatest common factor of i and w.
14
Let o = 505 + -325. Suppose 2*b - z - o = 4*z, -2*z - 168 = -2*b. Let q be 2/((-105)/(-50) - 2). Calculate the highest common divisor of q and b.
20
Let s be ((-3 - -6) + -1)/1. Let v be 4/(-8)*(2 + 156). Let b = v + 81. Calculate the greatest common factor of b and s.
2
Let k be 289 - 693/42*6/(-9). Calculate the greatest common divisor of k and 288.
12
Let r(z) = z**3 - 10*z**2 + 29*z - 11. Let g be r(5). Let m be (-14)/(-6) + (-1)/3. Suppose -m*q + 6*q = 36. Calculate the highest common divisor of q and g.
9
Let u be 3 + 44/(-8)*-2. Let z be (-2)/(5/((-16275)/18))*(-198)/(-165). What is the highest common divisor of z and u?
14
Suppose -75*t + 3947 + 7052 = -32501. What is the highest common factor of t and 348?
116
Suppose -37 = 18*u - 397. Let s be 222/16 + u/160. What is the greatest common divisor of 21 and s?
7
Suppose 0 = 5*c - 5*m - 5870, -c + 1182 = -1236*m + 1237*m. What is the highest common divisor of 342 and c?
38
Let c = -55 + 82. Suppose -z - m - c = 0, 5*z - 4*z = m - 23. Let w = z - -37. Calculate the greatest common divisor of w and 108.
12
Suppose -v + 5*z = -28, 10*z - 51 = -3*v + 14*z. Suppose v*u - 234 = 1872. Let x(t) = 6*t. Let s be x(3). Calculate the highest common factor of s and u.
18
Let k be 2 + 86/2 + 1. Suppose -11 = o + 3*g, 5*o + 18 = 7*o - 2*g. Suppose -o*w = -20, -4*d + 271 = -9*w + 8*w. What is the greatest common factor of k and d?
23
Let k be 50/(-20)*4/(-6)*-3. Let a be 7/(105/(-9)) - 363/k. Let h = -47 + a. What is the highest common factor of h and 275?
25
Let q(v) = 6*v - 49. Let r be q(7). Let a be (-68)/r + (-115)/(-35) + -3. Calculate the highest common factor of 80 and a.
10
Suppose -1595*g + 1594*g - 2417 = -2*p, 0 = 3*p - 2*g - 3623. Calculate the highest common divisor of p and 35.
7
Suppose -4*z + 77*x + 11676 = 82*x, 6*z = 4*x + 17468. Calculate the greatest common factor of z and 93.
31
Let s = 4050 - 2907. Calculate the highest common divisor of 18 and s.
9
Let c(t) = -173*t**3 - 2*t**2 - 3*t + 4. Let o be c(1). Let w = o + 175. Calculate the highest common factor of 2 and w.
1
Suppose 0 = 4*u + 3*w + 3540, 4*u + 2*w = -3367 - 169. Let v = -576 - u. Calculate the highest common divisor of v and 34.
34
Let b = 332 - 260. What is the greatest common divisor of 200 and b?
8
Let a(c) = -46*c - 8. Let o be a(-4). Suppose o = 11*s - 649. What is the greatest common divisor of 1 and s?
1
Suppose 4*w + n - 1831 = 4554, w - 2*n = 1612. What is the greatest common divisor of w and 4?
2
Suppose -2*w + 12 = 4. Let x = -498 + 502. What is the highest common factor of w and x?
4
Suppose -360 = -2*u + 3*x, -5*u - 17 + 848 = 4*x. Calculate the greatest common divisor of u and 7011.
171
Let y(g) = -g**3 + 23*g**2 - 53*g + 368. Let p be y(19). Calculate the highest common factor of 595 and p.
35
Let n(i) = -i**3 + 26*i**2 + 3*i - 21. Let q be n(26). Suppose 0 = 34*v - 31*v + 8*m - 822, -v - 5*m + 281 = 0. What is the greatest common factor of q and v?
19
Let j = 196 + -196. Suppose -3*d + j*d + 26 = -2*k, 4*d + 3*k - 29 = 0. What is the highest common divisor of d and 14?
2
Suppose 13*r - 253 - 25379 = -y, 4*r = -5*y + 7868. Calculate the highest common factor of 136 and r.
68
Suppose 4650 = 4*y + 94. Suppose -y + 219 = -2*a + c, 4 = c. Calculate the highest common factor of a and 11.
11
Let j be ((-34)/(-6))/(4/12). Suppose 57*s - 51*s = 0. Suppose s = 7*i - 438 - 395. What is the highest common divisor of j and i?
17
Let o be 4 + -1 + 122 + -2. Let q = 129 - o. Calculate the highest common factor of 66 and q.
6
Let p be 2 - -11*((-14)/7 - -3). Calculate the highest common factor of 2847 and p.
13
Let z = -50 + 58. Suppose f - 2151 = -z*f. Let h = -99 + f. Calculate the greatest common divisor of h and 28.
28
Let c(h) = 54*h - 34. Let l(k) = 5*k + 1. Let s(d) = c(d) + 5*l(d). Let q be s(3). What is the highest common divisor of q and 96?
16
Let y be (-304)/(-19)*(10 - 3). What is the greatest common factor of 80 and y?
16
Suppose 3*y - 100 = 8*y. Let b be 54/y*-2 + (-6)/15. Suppose 3*g - 4*f - 37 = -2*g, -2*f + 19 = b*g. What is the greatest common factor of g and 5?
5
Let r = -1243 + 1802. Let a be (-3)/((8/12)/((-104)/36)). What is the greatest common factor of r and a?
13
Suppose -13*x = -8*x - 60. Suppose 3*f - i = 4*i + 1038, 0 = -4*i - x. Calculate the greatest common divisor of 31 and f.
31
Let o = -712 + 1347. Let q = -589 + o. Calculate the greatest common divisor of q and 690.
46
Let q = 390 - 342. Let y be ((-216)/(-42))/((-4)/(-28)). What is the greatest common divisor of y and q?
12
Let y = 650 - 634. Suppose 2*j = -3*k + y, 25*j - 10 = 23*j. What is the highest common factor of k and 50?
2
Let w be (-776)/3*4/(288/(-54)). Calculate the highest common divisor of w and 1261.
97
Suppose 112*z - 37 = 111*z. Let c(w) = -w. Let p(m) = -13*m**2 - 6*m - 3. Let d(r) = 5*c(r) - p(r). Let a be d(5). What is the highest common factor of a and z?
37
Let j be (-9)/(9/(-16)) - 0. Suppose -11*t = -12*t + j. Suppose -10*d - 6 = -t*d. Calculate the greatest common divisor of d and 11.
1
Let n(y) = y**3 + y**2 - y + 207. Let g be (3/6)/((-1)/(-82)). Let u = 41 - g. Let v be n(u). What is the greatest common divisor of 23 and v?
23
Suppose -40*k + 37955 = 2635. Suppose 11*w - 547 = k. Calculate the greatest common factor of 91 and w.
13
Let g = -10918 - -15664. Calculate the highest common divisor of g and 84.
42
Let v(r) = -r**2 - 622*r - 17*r**2 + 0*r**3 - 12*r**2 - r**3 + 44 + 719*r. Let x be v(-33). Calculate the highest common divisor of 110 and x.
110
Suppose 0 = 168*m - 75*m - 86*m - 1036. What is the highest common factor of m and 6179?
37
Let u(s) = 15*s + 37. Let i be u(33). Suppose 5*y - i = 233. What is the greatest common factor of y and 102?
51
Let i = -57 + -5. Let h be (2 + i)/(2/(-3)). Let k(v) = -v**3 + v**2 - 10*v + 10. Let a be k(0). What is the greatest common divisor of a and h?
10
Let a be (-2*4/16)/((-4)/(-240)). Let b be -1 + a/(-5) + 7. What is the greatest common divisor of 16 and b?
4
Suppose 3*q = 7*q - 5*f - 26, 0 = -3*f - 6. Let n = 427 + -325. Suppose -3*o - 6 = -m, -o - n = -5*m - q*o. What is the greatest common factor of 90 and m?
18
Let o = -2856 - -3008. What is the greatest common divisor of 8 and o?
8
Let h(j) = -j**3 - 26 - 12*j + 10 + j**2 - 5*j**2 - 8*j**2. Let i be h(-12). Calculate the greatest common factor of 32 and i.
32
Let n = -3259 - -16520. Calculate the greatest common fact